 = 0. What are the prime factors of b?
2, 3, 7
Suppose f - 156 = 4*g, 5*f - 4*g - 342 = 454. List the prime factors of f.
2, 5
Let x(k) = -3*k - 12. Let d be x(-5). Suppose d*b + 51 = 5*q - 2*q, -2*b = q - 32. What are the prime factors of q?
2, 11
Let b = 463 + -261. What are the prime factors of b?
2, 101
Let y(a) = 28*a**2. Let b be y(-1). Suppose -3*x + 7*x = b. What are the prime factors of x?
7
Let y(s) = 3 + 0 + 3 + 7*s. Let t be y(6). Suppose 0 = 4*a + 16 - t. What are the prime factors of a?
2
Let n(o) = -o**3 + 4*o**2 + 6*o - 6. Let k be n(5). List the prime factors of -1 + 28 - (1 + k).
3
Let d(l) = 6*l**3 + 9*l**2 - l - 2. Let h(q) = q**3 + q**2. Let y(j) = -d(j) + 5*h(j). Let i be y(-4). What are the prime factors of 14/(-2)*i/2?
7
Let c = 22 + 3. What are the prime factors of c?
5
Suppose -4*f + 17 = -c, -6 = -2*f - 3*c + 13. Suppose -5*r - 15 = -f*s, 5*s - 2*r = 10 + 2. List the prime factors of (1/s)/((-2)/(-8)).
2
Suppose 0 = -14*k + 12*k + 562. What are the prime factors of k?
281
Let l(p) be the second derivative of -7*p**3/6 + 14*p. Let y be (2/4)/(2/(-4)). List the prime factors of l(y).
7
What are the prime factors of ((-7329)/28)/((-2)/(-8)*-3)?
349
Let o(b) = b**3 - 6*b**2 + 6*b + 3. Let g be o(5). Let y(c) = -c**2 + 7*c + 8. Let t be y(g). Suppose t*q = 5*q - 45. List the prime factors of q.
3
Let y be -2*(4/2)/(-2). Let b = y - 1. Let a(m) = 6*m**3 - m**2 + 2*m - 1. What are the prime factors of a(b)?
2, 3
What are the prime factors of 3/1 + 82/2?
2, 11
Suppose 2*a - 3*a = -3. Let r = -80 - -119. Suppose -r = a*k - 111. What are the prime factors of k?
2, 3
Let w(h) = -h**2 - 4*h - 2. What are the prime factors of w(-2)?
2
Let j(w) = -2*w + 2. Let s = 109 + -65. Let v be s/(-7) + (-2)/(-7). What are the prime factors of j(v)?
2, 7
Let h = -97 - -67. Let l = -19 - h. What are the prime factors of l?
11
Let v be -1*(-1)/((-1)/(-31)). Let c be v*-1*1/(-1). Suppose 4 = 3*o + b, -o - o = -5*b - c. List the prime factors of o.
3
Let t(i) be the second derivative of -i**3/6 + i**2 + 2*i. Let k be t(-4). List the prime factors of (8/k)/(2/21).
2, 7
Let d be (1 + 2)/(-2 + 1). Let k(t) = 4*t**2 + 4*t + 1. What are the prime factors of k(d)?
5
Let f be (-6)/15*25*-1. Suppose -5*c + 0*c = -f. Suppose -v = -b + 11, -c*v = 4*b + v - 51. What are the prime factors of b?
2, 3
Suppose -o + 1 = q - 37, -2*o - q + 79 = 0. List the prime factors of o.
41
Let n(r) = r**2 + 2*r - 45. List the prime factors of n(-11).
2, 3
Let u(b) = -19*b - 118. List the prime factors of u(-25).
3, 7, 17
Suppose -3*b - 54 = -4*b + 2*l, 225 = 4*b + l. Suppose 0 = 2*k - 142 + b. What are the prime factors of k?
43
Suppose r - 1 = -2. What are the prime factors of (-28)/r + -2 + 1?
3
Let n(m) = 6*m**2 - 5*m**2 + 5*m + 0 - 1. What are the prime factors of n(-9)?
5, 7
Suppose -2*u - 1 = 1, 3*u = -4*h + 113. List the prime factors of h.
29
Let p be (14/1)/(2/(-2)). Let h = -6 - p. What are the prime factors of h?
2
Let w(p) = p**3 - 9*p**2 + 8*p - 3. Let v be w(7). Let f be v/6 + (-2)/4. Let d(l) = l + 11. What are the prime factors of d(f)?
3
Let b = 8 - 5. Suppose -b = -2*c + 19. What are the prime factors of c?
11
What are the prime factors of (5 - 3) + 82 + 2 + 2?
2, 11
Suppose -4*r + 4 = 2*g, 3*g + 3*r - 2 = 2*g. Suppose -g*h + 2*y - 11 = y, 4*h = y - 23. Let f(u) = -2*u - 2. What are the prime factors of f(h)?
2, 5
Suppose 0 = -3*k + 5 + 91. What are the prime factors of k?
2
Suppose 4*a = -1 - 19, 0 = -2*n - 5*a - 43. Let l(y) = y**2 + 3*y - 13. What are the prime factors of l(n)?
41
Suppose -4*v + 19 = 3. List the prime factors of v.
2
Suppose -38*f + 20 = -36*f. List the prime factors of f.
2, 5
Suppose 4*f - 4*x - 96 = -f, 0 = x + 4. List the prime factors of f.
2
Suppose -2*x + 11 = 2*t + 3, 14 = x - 4*t. Suppose -x + 58 = 4*c. What are the prime factors of c?
13
Let u = 2 + -3. List the prime factors of (u - -2)/((-5)/(-35)).
7
Let w(l) = l**2 - 8*l - 8. Let a be w(9). Suppose 3 = -t + a. What are the prime factors of (-6)/t*(-8)/(-3)?
2
Suppose -4*r - c = -0*c, -4*r - 4*c + 12 = 0. Let q = r + -7. Let s(p) = -p**2 - 9*p + 1. List the prime factors of s(q).
3
Let o be ((-62)/(-8))/((-1)/(-4)). Let f = o + -19. What are the prime factors of f?
2, 3
Let r(a) = 198*a**3 - 3*a**2 + 4*a - 2. What are the prime factors of r(1)?
197
Let k be (-6)/(6/3)*-1. Suppose -k*q - 3*f + 30 - 120 = 0, 4*q - 4*f = -104. List the prime factors of q/(-7) + 4/(-2).
2
Let r = 21 - 4. What are the prime factors of r?
17
Suppose 0 = -5*t - 3*f + 442, -t + 0*t = 5*f - 106. What are the prime factors of t?
2, 43
Let i = -26 + 55. List the prime factors of i.
29
Let m be 2/5 - 2796/(-10). Suppose i + 4*i = m. Suppose 5*u - 3*o = 72, 4*u = -0*o + 2*o + i. List the prime factors of u.
2, 3
Let a(f) = -3*f**2 + 29*f + 9. Let r(v) = v**2 - 10*v - 3. Let g(t) = 4*a(t) + 11*r(t). Let q be g(5). Suppose x - 7 = q. What are the prime factors of x?
3, 5
Suppose -p + 11 = -5*v, 4*p + v = -0*v + 23. Let d(f) = 4*f - 1. Let c be d(3). Let t = c - p. What are the prime factors of t?
5
Suppose 3*i + 3*n - 126 = 0, -5*i = 4*n - 7*n - 250. List the prime factors of i.
47
Suppose -3*n = -5*n + 8. Suppose -5*s = -n*s - 8. List the prime factors of s.
2
Let j be (-1 - -7)*(-110)/(-20). What are the prime factors of 10/(-55) + 435/j?
13
Let f(o) = o**3 + o + 32. Let i be f(0). Suppose 0 = 2*r - 5*g - 11, -5*g - i = -3*r - 3. What are the prime factors of r?
2, 3
Let y = -32 + 56. List the prime factors of y.
2, 3
Suppose -3*a = 5*l - 12, -4*l - 9 + 25 = -4*a. Let f be a/(-2*3/72). Suppose -f = -0*x - 4*x. List the prime factors of x.
3
Suppose 0 = -5*b + 3*n - 16, 0*b - b = -n + 4. What are the prime factors of (-5)/b + (-2)/(-4)?
3
Suppose -6 = k - 2*t, 3*t - 6*t = 0. Let w = 0 - k. What are the prime factors of 1/3 - (-16)/w?
3
Let f(k) = 15*k. Let r be f(6). Suppose 0 = -2*l - 0*l + r. Suppose 4*g - l = z, -2*z + 27 = 3*g - 5*z. What are the prime factors of g?
2, 3
Let x = 49 - -138. What are the prime factors of x?
11, 17
Suppose -4*b - 48 = -2*b. Let o be ((-3)/2)/(18/b). What are the prime factors of o/2 - (-10)/2?
2, 3
Suppose -5*q + 5 = f, 4*q - 2 = -f + 2. Suppose 4*x = 2*x - 4*a + 30, 2*x - 5*a - 75 = f. What are the prime factors of x?
5
Suppose -2*t + 4*t = 12. Suppose g = 4 + t. Suppose -11*r + g*r = -3. List the prime factors of r.
3
Suppose 0*t + 5*t + 4*h - 302 = 0, -3*t - 3*h = -180. What are the prime factors of t?
2, 31
Let x = 22 - 25. List the prime factors of x - ((-496)/(-4))/(-4).
2, 7
Let r(q) = -q + 4 - 4 + 2. List the prime factors of r(-2).
2
Let z be (8/(-10))/(8/220). Let a = 7 + z. Let w = a - -25. What are the prime factors of w?
2, 5
Suppose 3*g = -3 + 12. Suppose -2*q - 22 = -g*q. List the prime factors of q.
2, 11
Suppose -5*o + o = 0. Let l = o + 6. List the prime factors of l.
2, 3
Let g = -40 - -71. What are the prime factors of g?
31
Let s(g) = -g**3 - 2*g**2 - 2*g - 2. Suppose 2*r - 7*f + 2*f + 1 = 0, -5*f + 7 = -4*r. What are the prime factors of s(r)?
13
Let s = 3 - 1. Suppose -s*w = -w. Suppose 0*f - 5*f - 3*y = -37, -2*f + y + 6 = w. List the prime factors of f.
5
Let z = -13 - -104. List the prime factors of z.
7, 13
Let n(f) = 42*f**3 + f**2 - f. Let k be n(1). Let p = k + -27. What are the prime factors of p?
3, 5
Suppose 11*i - 10*i - 8 = 0. What are the prime factors of i?
2
Let u(z) = z + 5. What are the prime factors of u(-2)?
3
Suppose 10*x - 7*x - 63 = 0. What are the prime factors of x?
3, 7
Suppose 16 = 4*y, -w - 3*y = 2*w - 18. Let o be ((-6)/(-4))/(3/(-4)). List the prime factors of ((-1)/w)/(o/24).
2, 3
Let m = -12 - -8. Let u = m + 12. List the prime factors of u.
2
Let y = -47 + 86. List the prime factors of y.
3, 13
Suppose -2*g = -3*g. Suppose g = k + 2*u - 2, 2*k = 8*u - 4*u + 20. Suppose 10 = t - k. What are the prime factors of t?
2
Suppose -2*m = -6*m + 308. Suppose 2*t - m = -3. What are the prime factors of t?
37
Let u = -33 + 76. Suppose 3*r + 5*x = u, 3*r + 3*x - 61 = -2*r. Suppose -2*a - k = -18, -5*k - r = a - 2. List the prime factors of a.
11
Let f = -23 - -71. List the prime factors of f.
2, 3
Let i be (4/8)/(2/(-4)). List the prime factors of i/(-7) + 118/7.
17
Let j(d) = -d**2 - 7*d + 4. Let y be j(-6). Suppose 0*t 